 base 5
-143114
What is -1035135 (base 6) in base 15?
-104a8
-32a81 (base 14) to base 4
-131332321
-4340213 (base 5) to base 6
-1332333
What is 1121205 (base 7) in base 6?
2554440
What is -178748a (base 14) in base 15?
-1048731
What is 4432610 (base 7) in base 6?
15411502
Convert 28a12 (base 12) to base 5.
3304000
50257 (base 9) to base 14
c067
Convert 30012344 (base 5) to base 12.
b4245
-1313b0 (base 16) to base 2
-100110001001110110000
Convert -114590 (base 11) to base 16.
-2c5d8
What is 111130132 (base 4) in base 7?
514042
-113211211203 (base 4) to base 16
-5e5963
689716 (base 10) to base 16
a8634
What is -4050084 (base 9) in base 2?
-1000001111000000110101
115c7 (base 16) to base 4
101113013
Convert 11106606 (base 7) to base 8.
3523545
3164057 (base 8) to base 5
204031441
Convert 21211200220021 (base 3) to base 10.
4166890
Convert -22a6b8 (base 14) to base 11.
-737551
167c525 (base 13) to base 12
2531b72
-65516 (base 11) to base 3
-11211111002
Convert 27449 (base 16) to base 4.
213101021
-c51a1 (base 13) to base 9
-588552
Convert 303420300 (base 5) to base 8.
4547277
What is 44131a7 (base 12) in base 14?
1a1703d
What is -4a728 (base 15) in base 2?
-111010000100100111
Convert -6bb67 (base 15) to base 4.
-1103312113
What is -3358019 (base 10) in base 2?
-1100110011110101000011
What is -100111535 (base 6) in base 8?
-6343023
506e (base 15) to base 5
1020404
What is -100000101110101100111 (base 2) in base 16?
-105d67
10970a (base 11) to base 15
367c7
-86227 (base 14) to base 10
-324219
What is 5246426 (base 8) in base 9?
2556840
-ce5712 (base 16) to base 13
-2a56102
Convert 7ab1b (base 12) to base 8.
500307
130403230 (base 5) to base 14
1286b2
Convert 1101100201 (base 3) to base 13.
c520
Convert 970571 (base 10) to base 12.
3a980b
-1482854 (base 9) to base 15
-11398a
What is -5ee0a3 (base 15) in base 10?
-4553028
12213564 (base 7) to base 16
10b9f0
208861 (base 10) to base 8
627735
What is 222906 (base 11) in base 3?
200001011101
1050164 (base 7) to base 8
375325
-1230112112 (base 4) to base 12
-1949b2
What is -970d1 (base 15) in base 9?
-810607
6633044 (base 7) to base 15
111735
What is 22220210221110 (base 3) in base 8?
22051514
12010033323 (base 4) to base 9
2883383
Convert -11110100010010110 (base 2) to base 10.
-125078
-472211 (base 12) to base 6
-40305221
What is 22649 (base 15) in base 7?
634002
What is 24166005 (base 7) in base 10?
2150958
Convert -1110101110111101111 (base 2) to base 14.
-c7d39
What is -28765 (base 14) in base 15?
-1ea80
Convert 100101001001010110 (base 2) to base 7.
1202405
What is 56035542 (base 7) in base 12?
1750916
Convert -142311014 (base 5) to base 6.
-23542445
What is -793a8 (base 16) in base 5?
-111342202
Convert 50113146 (base 7) to base 9.
7706276
acbdb (base 16) to base 9
1287513
-14225240 (base 7) to base 5
-320200041
What is -1203652 (base 10) in base 11?
-75235a
Convert 35524 (base 14) to base 3.
20121022002
Convert -11240211 (base 5) to base 4.
-121002130
Convert -12000101210220 (base 3) to base 9.
-5011726
2657a1 (base 12) to base 9
1162654
What is -208dbb (base 14) in base 13?
-2c6a96
244638 (base 10) to base 16
3bb9e
Convert 416662 (base 13) to base 11.
95401a
Convert 32866400 (base 9) to base 14.
2188a7b
13252 (base 8) to base 4
1122222
189451 (base 10) to base 8
562013
-1053602 (base 8) to base 9
-473282
6863678 (base 10) to base 8
32135476
Convert 298c8 (base 13) to base 16.
1324b
-110676 (base 8) to base 13
-13ca0
What is -10413034 (base 6) in base 8?
-1143256
What is -110200111113 (base 4) in base 12?
-1972873
What is c5a93 (base 13) in base 16?
56cc7
What is -343829 (base 10) in base 3?
-122110122102
What is 13090 (base 13) in base 14?
cbd3
What is 3a2da (base 14) in base 15?
2c6b7
10522501 (base 6) to base 7
2510560
Convert 202001122112200 (base 3) to base 11.
6021a94
-1101110201 (base 3) to base 2
-110101010110100
What is 2465317 (base 9) in base 16?
147b8c
Convert -68491 (base 10) to base 8.
-205613
-790727 (base 10) to base 6
-24540435
What is 9d463 (base 15) in base 5?
112003433
What is 315f6 (base 16) in base 14?
539b0
Convert -30314043 (base 5) to base 15.
-4c868
101251453 (base 6) to base 13
492c42
What is 10201201 (base 3) in base 11?
2052
Convert 10242453 (base 6) to base 15.
5e406
Convert -105241 (base 9) to base 13.
-2281c
-199a54 (base 14) to base 8
-3361732
What is 18360 (base 14) in base 3?
10002201202
Convert bb33a (base 12) to base 7.
2050546
Convert 135355 (base 10) to base 2.
100001000010111011
Convert -1103401 (base 6) to base 5.
-3231400
Convert -2424030 (base 5) to base 14.
-12831
What is 79526 (base 10) in base 6?
1412102
Convert 33120303302 (base 4) to base 7.
46200200
Convert 5386566 (base 9) to base 11.
16a561a
Convert -1b26b (base 15) to base 5.
-10311201
2a3cc2 (base 16) to base 15
39a27b
421725 (base 8) to base 16
223d5
Convert 5795aa (base 12) to base 4.
11113030102
-1535323 (base 6) to base 12
-44543
Convert -10111032 (base 6) to base 9.
-480682
What is 297251 (base 10) in base 16?
48923
Convert 5bb6c (base 13) to base 10.
168921
5275d8 (base 14) to base 12
b24562
Convert 355a6 (base 12) to base 2.
10001100000001110
Convert 345472 (base 10) to base 8.
1242600
Convert 1010001011111011010 (base 2) to base 9.
557773
1010101102 (base 4) to base 2
1000100010001010010
-1b2390a (base 12) to base 4
-112000331122
What is 171a474 (base 11) in base 2?
1011001010101101001010
Convert 469320 (base 10) to base 7.
3663165
Convert 178049 (base 10) to base 15.
37b4e
12100022001020 (base 3) to base 4
22311122121
1c3aa6 (base 13) to base 10
722442
Convert 2c254 (base 16) to base 3.
100012001001
Convert -1000110000011111000 (base 2) to base 13.
-a0806
What is -3a03b (base 16) in base 11?
-152595
31103032312 (base 4) to base 5
1343033041
9a00 (base 12) to base 11
11848
-8763990 (base 11) to base 15
-1540cb7
Convert -233110 (base 9) to base 8.
-421432
3235404 (base 7) to base 14
a42ab
-302211031112 (base 4) to base 14
-1a9230a
Convert 3215001 (base 11) to base 10.
5658082
-2137151 (base 12) to base 3
-102211211112121
What is 23412113 (base 6) in base 8?
2627055
-4c396 (base 15) to base 16
-3b868
Convert 879b0 (base 15) to base 8.
1511337
What is 54231 (base 8) in base 3?
1011010001
Convert 480650 (base 14) to base 11.
1430156
What is -1020313 (base 10) in base 11?
-637638
What is -97312 (base 10) in base 9?
-157434
Convert b0039 (base 13) to base 15.
6317e
Convert -31736b (base 12) to base 4.
-2332121003
Convert 1895ff (base 16) to base 5.
403030023
3cc09 (base 14) to base 6
3120533
Convert a410 (base 11) to base 14.
5061
Convert 148c0d7 (base 14) to base 7.
151115360
What is 160227 (base 11) in base 10?
249168
Convert 1341124200 (base 5) to base 4.
31030100002
What is -3143202 (base 8) in base 9?
-1515437
Convert 434ce6 (base 16) to base 14.
82b50a
82ec94 (base 16) to base 5
4144031434
What is -21102310 (base 4) in base 12?
-1a044
Convert -11133333 (base 5) to base 15.
-1e5e8
Convert 1b2628 (base 15) to base 9.
2437642
1533fa (base 16) to base 15
1c6ac7
90605c (base 13) to base 12
11595a8
What is -208500 (base 10) in base 4?
-302321310
413772 (base 8) to base 9
228185
Convert 335354100 (base 6) to base 3.
102120002010100
-5aa78 (base 13) to base 6
-3323044
What is -206110 (base 7) in base 6?
-433224
200123513 (base 6) to base 12
1166599
-6ab87 (base 14) to base 3
-111012221110
-838552 (base 9) to base 8
-1715267
What is -182246 (base 10) in base 4?
-230133212
-42423034 (base 6) to base 14
-246858
Convert -400887 (base 9) to base 16.
-39d7b
What is 21020022122 (base 3) in base 5?
14024023
Convert 113240 (base 5) to base 6.
31231
356568 (base 14) to base 4
12331011300
-1411512 (base 6) to base 2
-10011011001100100
Convert -15630447 (base 8) to base 16.
-373127
What is 6446b (base 14) in base 12?
b82bb
Convert ecc57 (base 15) to base 8.
2674640
What is 10507829 (base 10) in base 5?
10142222304
65b151 (base 12) to base 7
16510015
What is -11412411030 (base 5) in base 12?
-45a4a6a
What is -553556 (base 13) in base 10?
-2006777
Convert 3042341 (base 5) to base 13.
19829
11353442 (base 6) to base 8
1271542
194460 (base 10) to base 16
2f79c
What is 35dd0 (base 16) in base 8?
656720
What is 1010111010100000011101 (base 2) in base 10?
2861085
What is -9461617 (base 10) in base 16?
-905f71
